*b - 110 = -0*b - 5*p. What is the greatest common factor of b and 2415?
35
Let l be ((-42)/(-8))/7 + 5/4. Suppose -l*q = v + 3*v + 8, q = 0. Let t be v/5 + (-2493)/(-45). What is the highest common divisor of t and 5?
5
Let q = -4288 + 4418. What is the highest common factor of q and 2210?
130
Let q be 5/2*(0 + 10). Suppose -u - x + 137 - 125 = 0, -2*u + x + 3 = 0. Calculate the greatest common divisor of q and u.
5
Let w = -3637 + 3741. Calculate the greatest common divisor of 168 and w.
8
Let q be (-36)/270 + 456/45. Suppose -2*o = -q, -4*l + 3*o = -130 - 227. Let y be 4/10 - 616/(-10). Calculate the greatest common factor of l and y.
31
Let t(d) = -16*d**2 - 310*d - 102. Let c be t(-19). Suppose 3*i = m + 1152, 0*i = -4*i - 5*m + 1536. Calculate the highest common divisor of c and i.
12
Let s(j) = 11*j + 16. Let z be s(20). Let q = -229 + z. What is the greatest common divisor of 91 and q?
7
Let k be 4*(-20)/48 + -3*(-182)/9. Calculate the greatest common divisor of k and 1829.
59
Suppose -16 = 4*k - n, 0 = -k - 0*k + n - 7. Let f(d) = -2*d**3 + 7*d - 5. Let b be f(k). Calculate the greatest common factor of b and 2.
2
Let b = -4415 - -4725. Calculate the greatest common divisor of 10 and b.
10
Suppose 0 = -8*s - 6*s + 1232. Let o = 164 - s. What is the greatest common divisor of o and 418?
38
Suppose -t = -5*h - 200, -2*t + 5*h - 2*h + 400 = 0. Suppose -23*q + 18*q + t = 0. Suppose -107 - q = -7*b. What is the greatest common divisor of 28 and b?
7
Let f = 1 + 0. Let n = -214 + 238. Let v be 3 - (6/(-16) - (-9)/n). Calculate the highest common factor of v and f.
1
Let z be (5 - 20)/(13/7 - 2). Let a = 63 + z. What is the greatest common factor of 63 and a?
21
Let g = 7 - -1. Let o = -466 - -468. Suppose o*m = 5*m - 120. Calculate the greatest common divisor of g and m.
8
Suppose 3*q - i = 161, 413*q + i = 409*q + 224. Suppose 12*c + 25 = 13*c. Calculate the highest common factor of c and q.
5
Let i(n) = 114*n**2 + 274*n - 840. Let f be i(3). Calculate the greatest common factor of 648 and f.
72
Let p be (-4 + (-668)/(-5))*(-12 + (-414)/(-27)). Calculate the greatest common factor of p and 1458.
54
Suppose 0 = 5*s - 224 - 151. Suppose s = 11*o - 6*o. Calculate the highest common divisor of o and 240.
15
Let j = 20626 + -20248. Calculate the highest common factor of j and 675.
27
Suppose -18*x + 5*o + 301 = -17*x, -5*o = 0. Let l = -234 + x. What is the highest common divisor of l and 871?
67
Suppose -166*j + 162*j - 2404 = 0. Let a = j - -666. What is the greatest common divisor of 10 and a?
5
Let j = -6895 + 6967. What is the greatest common divisor of 387 and j?
9
Suppose 2*s = -4*v + 272, -5*v + 3*s = -215 - 103. Let r be (-7258)/(-10) - (-5)/50*2. What is the greatest common factor of v and r?
66
Let f(v) = 785*v**2 - v. Let m be f(1). Let l = -183673 + 183722. What is the greatest common factor of l and m?
49
Let l be 3/((4 - 3)*8/344). What is the greatest common factor of 183 and l?
3
Suppose 27*i - 225 = 24*i. Let a = i + -71. Suppose -29 = -a*b + 11. Calculate the greatest common factor of 5 and b.
5
Suppose -6*o - 17*o - 10028 = 0. Let q = 442 + o. Calculate the highest common divisor of q and 22.
2
Suppose 5*t - a - 97 = 0, -3*t - t = -a - 77. Let g be (2 - -111) + (437 - 380). What is the highest common divisor of g and t?
10
Suppose 7*u + 54 = 10*u. Suppose v - 18 = -3*x, 5*x + u = 8*v - 7*v. Calculate the greatest common divisor of 846 and v.
18
Suppose -w + 508 = 3*w - l, w - 3*l = 116. Suppose 1442*u - 1489*u + 1504 = 0. Calculate the greatest common divisor of u and w.
32
Let y(x) = -x**2 - 31*x - 127. Let w be y(-19). Suppose -5*c = -4*k + 137, -4*c + 2*c = -3*k + w. What is the highest common divisor of 21 and k?
3
Suppose 0 = i - 5*g - 68, 2*i + 3*g = -g + 136. Suppose -1168*p = a - 1171*p - 87, -4*a + 2*p + 228 = 0. Calculate the greatest common divisor of i and a.
17
Let d be (-14)/(-6) - 2/(-3). Let c(n) = -32 + 0 - 6 + 4*n + 41 + 0*n**2 - n**2. Let r be c(d). Calculate the highest common factor of r and 3.
3
Let g(y) = y**3 + 11*y**2 - 16*y - 24. Let j be g(-12). Suppose 25*p = -4*a + 28*p + 57, -a = -4*p - j. What is the highest common factor of a and 636?
12
Let f = 1526 - 1474. What is the highest common divisor of 8996 and f?
52
Suppose -11*l + 2*l = 486. Let m be 258/l + 5 + (-716)/(-18). Calculate the greatest common factor of m and 220.
20
Suppose -2*c - 1412 = -4*h, -90*h + 88*h - c + 698 = 0. What is the highest common divisor of 180 and h?
9
Let g be (-15774)/(-38) + (-32)/304. Calculate the highest common divisor of 581 and g.
83
Let d(h) = 4288*h + 25808. Let l be d(-6). Let u = -10 + 26. What is the highest common divisor of u and l?
16
Let c(g) = -3*g**3 + 201*g**2 - 5*g + 365. Let k be c(67). What is the greatest common factor of 822 and k?
6
Suppose 516 = 3*x - 18*v + 21*v, -16 = -4*v. Let m(l) = 12*l**2 + 3*l. Let o be m(-2). What is the highest common divisor of x and o?
42
Let t = 1519 - -3710. What is the highest common divisor of 63 and t?
63
Suppose -3*k + 45*k + 25*k - 12931 = 0. What is the greatest common factor of 10229 and k?
193
Suppose -2 = 5*o - 6*o. Let d be (2/o)/(2 - 558/280). Suppose 8*h = 4*h - i + d, -4*h - 4*i = -128. What is the greatest common factor of h and 12?
12
Let p = 1236 - 1021. Let z(m) = m - 12. Let i be z(0). Let g be i/16 + (-1041)/(-12). Calculate the highest common divisor of p and g.
43
Let j be (-2)/(-1*(-18)/6)*-2160*1. Calculate the greatest common factor of 36 and j.
36
Let h be (-17)/(68/(-324))*24. Calculate the greatest common divisor of h and 16.
8
Let l = -29 - -32. Suppose -f - 297 = 3*h, l*h - 5*h = 3*f + 205. Let i = -80 - h. What is the highest common divisor of 2 and i?
2
Suppose -27*r + 18*r + 1116 = 0. Suppose -47*w + r = -43*w. What is the highest common divisor of 93 and w?
31
Let o be ((-35409)/(-3036) - 3/4) + (-32)/(-368). Calculate the greatest common divisor of o and 1111.
11
Suppose 23*h + 273362 - 456885 - 595257 = 0. Calculate the greatest common factor of h and 10.
10
Let n be (3/9)/(4/24). Suppose 0 = 5*s - n*s. Suppose -15 = -5*i, 2*o + s*i - 38 = -2*i. Calculate the highest common divisor of o and 176.
16
Suppose -1872 - 3602 = -23*k. What is the highest common factor of 3451 and k?
119
Suppose 0 = -22667*s + 22643*s + 3000. Let q = 54 - 29. Calculate the highest common divisor of s and q.
25
Let z be -19*20/(-8)*6/(-5). Let n be -36*(-5 - z/12). Calculate the greatest common divisor of 45 and n.
9
Let k = -303 - -299. Let r be (-454)/(-8) + -7 + 3/k. Calculate the highest common factor of 7 and r.
7
Suppose 5*c + 4*v - 364 = 190, 3*c - 5*v = 325. What is the greatest common divisor of 3355 and c?
55
Suppose 0*o = 5*o. Suppose -5*v - 3*c + 19 = o, 3*v + 2*c - 21 = -3*c. Let a be (-8)/(-2) - (-1)/v*0. Calculate the greatest common factor of a and 76.
4
Let r be 7/(-3) + (-1602)/(-27) + -35. Let a be -4*1/(-10)*20. Calculate the highest common factor of a and r.
2
Let i = -6037 - -6574. Calculate the highest common factor of i and 4117.
179
Let p = 34 - 62. Let k = 34 + p. Let r = 131 - 77. What is the highest common factor of k and r?
6
Let c = 4599 - 3949. Calculate the greatest common factor of c and 450.
50
Suppose -16*m = 4*t - 19*m + 708, 0 = -4*t - 2*m - 688. Let z = -143 - t. What is the greatest common factor of 217 and z?
31
Let l = 8567 + -6565. What is the greatest common factor of l and 242?
22
Let j = 6599 - 5787. Calculate the highest common divisor of 77 and j.
7
Let u be (-37)/((1/(-3))/(31/93)). Calculate the greatest common divisor of 333 and u.
37
Suppose 4*b + 6 + 9 = p, -9 = 2*b + p. Let j be (b/5)/(-4 + 1490/375). Calculate the greatest common divisor of 210 and j.
30
Suppose 0 = 3*j + k - 17, -4*j + 3*k = 7*k - 28. Suppose -4*z + p + 0*p = -802, j*z - 4*p - 1008 = 0. Calculate the greatest common factor of 40 and z.
40
Suppose -7*n + 4*h = -4*n - 232, -2*h + 136 = 2*n. Calculate the highest common divisor of n and 6012.
36
Suppose 0 = -3*v + 1318*j - 1323*j + 136, -168 = -5*v - j. Let n(o) = 2*o**3 - o**2 + o - 2. Let l be n(2). What is the greatest common divisor of l and v?
4
Let f = 1529 - 1408. Let u(x) = x**2 + 6*x + 3. Let w be u(-6). Suppose 2*l - 21 - 10 = -3*p, -w*l = -2*p + 25. What is the highest